se 4*d - 31 = -5*a + 33, -3*d = -5*a - 48. Let x(s) = 2*s**3 - 153*s**2 - 216*s - 1398. Calculate the remainder when d is divided by x(78).
4
Let m(n) = -34*n**3 + 2*n**2 + 3*n + 1. What is the remainder when m(-1) is divided by 5*2 + 4*(-21)/28?
6
Calculate the remainder when 2 + 2130/4 + (-2)/4 is divided by 10.
4
Suppose 2*j - j - 47 = 0. Let u(c) = c**3 + 6*c**2 - 15*c + 8. Let w be u(-8). Suppose -375*i + 380*i - 920 = w. What is the remainder when i is divided by j?
43
Suppose 1967 = 2*y + 3*p, 0 = 344*p - 347*p - 15. What is the remainder when y is divided by 187?
56
Let p be -1 + (-39)/(-45) + 372/90. Calculate the remainder when ((-360)/(-7 - -1))/(p + -2) is divided by 19.
11
Let p(t) = -t + 2. Let o be p(2). Suppose o = -r + 5*v + 62, -v - 38 = -r - 4*v. What is the remainder when 185 is divided by r?
44
Let r be (-1323)/28*(-1)/((-9)/(-24)). Suppose 2*y + 0*y - r = 0. Suppose -p + y = 2*p. What is the remainder when p is divided by 6?
3
Suppose -109*y + 217*y - 6770 = 98*y. Calculate the remainder when y is divided by 63.
47
Let j = 23 + -21. Suppose 0 = 4*h + 2*b + j - 10, -16 = -4*b. What is the remainder when ((-60)/(h - -3))/((-6)/9) is divided by 17?
13
Let b(i) = 4*i**3 - 2*i**2 + 3*i. Let r = -46 - -43. Let v be r - (4/8*-18 + 4). Calculate the remainder when b(v) is divided by 11.
8
Suppose 5*j = 4*h + 905, j = 24*h - 23*h + 181. Calculate the remainder when j is divided by 14.
13
Suppose -57*s + 35410 = 166*s + 4636. Calculate the remainder when s is divided by 43.
9
Suppose 90095 = -3*z - 34*z. Let c = z - -3456. Calculate the remainder when c is divided by 33.
31
Let u = -13209 - -13614. Calculate the remainder when u is divided by 352.
53
Let i(z) = -z**3 + 19*z**2 + 68*z - 47. Let p be i(22). Calculate the remainder when 7*(-1)/p*39 - -2 is divided by 11.
5
What is the remainder when 1679 is divided by ((-33)/5)/((-147)/(-15) + -10)?
29
Calculate the remainder when 72/33 + (-1 - 1) - (-367332)/132 is divided by 90.
83
Suppose 3*h - 306 = i, 5*h = 2*i + 42 + 468. Calculate the remainder when h is divided by (-8)/2 - (-33 - (-266)/19).
12
Let v be 1/(-8) + (-15304)/(-64) + -1. Let m = 263 - v. What is the remainder when 97 is divided by m?
22
Suppose -3*p + 146 = 2*o - 435, 5*p = -15. Calculate the remainder when o is divided by 35 - 2 - (5 - 5).
31
Let o = 255 - 132. What is the remainder when o is divided by (-90)/(-3 + 1)*(154/10 + -15)?
15
Suppose 38 = 5*y + 4*a, 0 = 4*y - a - a - 20. What is the remainder when y is divided by (50/20)/((5/10 - -1) + -1)?
1
Suppose d - 586 = -4*j, 9 = -4*j - 11. Let g = 1285 - d. Calculate the remainder when g is divided by 22.
19
Let h(o) = 12*o - 5. Let k = 163 + -498. Let l = -300 - k. Calculate the remainder when h(6) is divided by l.
32
Let c = 27 + -27. Suppose -2*g - 9*g + 3597 = c. What is the remainder when g is divided by 15?
12
Let p(y) = 8*y**2 + 170*y + 45. Calculate the remainder when 313 is divided by p(-21).
1
What is the remainder when 1116 is divided by (26/8 - 2)/(28/2800)?
116
Let b(o) = -5*o + 9. Suppose 0 = -0*u + 4*u - 24. Let r be b(u). Calculate the remainder when 58 is divided by (45/r)/(2/(-14)).
13
Suppose 356 = 10*f - 494. Suppose -f = -8*w + 99. What is the remainder when 38 is divided by w?
15
Suppose n - 4*h = h - 5, -4*h + 23 = 3*n. Suppose -13 = -n*y + 7. Let t = 2437 - 2434. Calculate the remainder when y is divided by t.
1
Let q = 40585 + -23372. What is the remainder when q is divided by 64?
61
Let x(d) = 79*d**2 - 22*d + 1. Calculate the remainder when x(4) is divided by 63.
43
Let d(j) = -11*j**3 + 2*j**2 + 8*j + 28. Let f be d(-4). Suppose 0 = -96*c + 108*c - f. Calculate the remainder when c is divided by 13.
9
Let f = -13449 - -13475. Calculate the remainder when 256 is divided by f.
22
Let o = -14 - -19. Suppose -10*x = 5*d - 12*x - 122, 4*d + x = 95. What is the remainder when d is divided by o?
4
Let w(d) = 29*d**3 + 3*d**2 + 1. Let j be w(2). Let v = -240 + j. Calculate the remainder when 5*11/((-55)/(-54)) is divided by v.
4
Suppose s - 5*r = 165, 228 + 297 = 4*s - 5*r. What is the remainder when 20636 is divided by s?
116
Suppose -3*z - 8943 = -4*d, 13931 - 4970 = 4*d + 3*z. Suppose 4*o = -782 + d. What is the remainder when o is divided by 61?
59
Suppose -21*i + 9*i = 3600. What is the remainder when 198 is divided by i/(4 + 1)*4/(-6)?
38
Let c(b) = b**2 + 66*b + 952. Calculate the remainder when 688 is divided by c(-47).
39
Let r = -23 - 100. Let l = 121 + r. What is the remainder when (l - 70/15)*48/(-5) is divided by 22?
20
Suppose 16*i - 2500 = 10764. Suppose -869 + i = -5*f. Let a(y) = 2*y + 3. What is the remainder when a(4) is divided by f?
3
Let u(y) = -21*y - 2. Let w be u(-3). Suppose f = v - 44, 377 = -5*v + 367. Let c = f + w. What is the remainder when 87 is divided by c?
12
Let l(s) = -s**3 + 7*s**2 - 10*s + 4. Let h be l(5). Suppose 228 = h*p + 2*t, -3*p = -4*t + 119 - 301. Calculate the remainder when p is divided by 16.
10
Let q(o) = -o**2 + 7*o - 2. Suppose 0 = 6*y - 13 - 35. Suppose 0 = 5*r - 1 - 9, u - 4*r - y = 0. Calculate the remainder when u is divided by q(6).
0
Suppose 5*s - 257 = -2*z, 48*z + s = 43*z + 723. Calculate the remainder when 257 is divided by z.
111
Let g = -57 + 173. Let y(j) = -j**3 - 5*j**2 - 7*j. Let i be y(-3). Let l(r) = 17*r - 34. What is the remainder when g is divided by l(i)?
14
Let k(w) = 74*w**2 + 44*w - 9. Calculate the remainder when k(2) is divided by 137.
101
Let c(t) = -t**2 + 7*t - 6. Let h be c(6). Suppose 5*i - 242 + 2 = h. Let z = 4205 + -4188. What is the remainder when i is divided by z?
14
What is the remainder when 1017 is divided by (-168)/(-140)*11/((-33)/(-160))?
57
Let u(g) = -1149*g - 7811. Calculate the remainder when u(-8) is divided by 41.
28
Let w be ((-162)/(-117))/9 - (-6652)/26. Let s = w + -174. What is the remainder when s is divided by (0 - 18 - -1)*-1?
14
Suppose -4*j - 606 = -5*a, -2*a - 71 + 313 = -2*j. Calculate the remainder when 477 is divided by a.
111
Let r = -11570 + 11925. What is the remainder when r is divided by 186?
169
Suppose h - 1 = 0, 4*x + 0*h - 127 = -3*h. Let m(w) = -2*w + 92. Calculate the remainder when m(x) is divided by 8.
6
Let k(m) = -m**2 - 31*m - 154 + 142 - 4*m. Calculate the remainder when k(-27) is divided by 16.
12
Suppose 0 = -412*o + 408*o + 5*m + 1419, -3*o - 5*m = -1038. Calculate the remainder when o is divided by 2.
1
Suppose -5*d = -3*d, 16 = 4*f - 3*d. Suppose 3*v = f*v - 2*l - 72, -l - 253 = -4*v. What is the remainder when v is divided by 22?
18
Let x = 158 + -108. Let y(u) be the first derivative of -u**2/2 + 13*u - 11. Calculate the remainder when x is divided by y(0).
11
Suppose 450 = 7*a + 2823. Let u = a + 568. What is the remainder when (1 + u)/(3 - 1) is divided by 39?
37
Calculate the remainder when (-14394)/(-32) + (-1464)/(-7808) is divided by 39.
21
Let d be 4 + (-132)/28 - 2/7. What is the remainder when 0 - (-2 + -18) - (5 + d) is divided by 7?
2
Let q = -1994 + 2008. Calculate the remainder when 4378 is divided by q.
10
Let m = 12 - 20. Let f(v) = -8*v - 5. Suppose -4*u + 11*d - 12*d = -63, -4*u + 61 = 3*d. What is the remainder when f(m) is divided by u?
11
Suppose 0 = 8*g - 57*g + 833. Let c(o) = -o**3 + 21*o**2 - 48*o + 3. Calculate the remainder when c(g) is divided by 86.
85
Let l(b) = -4*b - 89. Let g be l(-13). What is the remainder when 67 is divided by 8/(-24) - g/3?
7
Suppose 0 = -77*d + 41077 - 12587. Calculate the remainder when d is divided by 166.
38
Calculate the remainder when 495 is divided by -3 + (-258)/(12 - 15).
80
Calculate the remainder when (-1788)/(-9) + 15/((-90)/4) is divided by 173.
25
Let a(k) = -k**2 - 27*k + 97. Let f be a(-31). Let t = 82 + f. Calculate the remainder when t is divided by 14.
13
What is the remainder when 4552 is divided by (6/2)/((-198)/(-1188))?
16
Let t(r) = -2*r**3 + 5*r**2 - 5*r + 12. Let d be t(4). Let q = 143 + d. Let b = q + -55. What is the remainder when 94 is divided by b?
30
What is the remainder when ((-3744)/(-182))/((-3)/(-126)) is divided by 233?
165
Let h(y) = -10*y - 2. Let w be h(9). Let n = w + 101. What is the remainder when 17 is divided by n*(1 + (-10)/15)?
2
Let j be (33/2)/(-8 - (-446)/56). Calculate the remainder when j/(-9)*